{"id":29,"date":"2025-11-21T14:13:10","date_gmt":"2025-11-21T13:13:10","guid":{"rendered":"http:\/\/fixel.you2.pl\/?page_id=29"},"modified":"2025-12-05T14:27:08","modified_gmt":"2025-12-05T13:27:08","slug":"o-firmie","status":"publish","type":"page","link":"https:\/\/fixel.you2.pl\/index.php\/o-firmie\/","title":{"rendered":"O firmie"},"content":{"rendered":"\n<div class=\"wp-block-group alignfull has-accent-background-color has-background has-global-padding is-layout-constrained wp-container-core-group-is-layout-669513ed wp-block-group-is-layout-constrained\" style=\"margin-top:0;margin-bottom:0;padding-top:var(--wp--preset--spacing--50);padding-right:var(--wp--preset--spacing--50);padding-bottom:var(--wp--preset--spacing--50);padding-left:var(--wp--preset--spacing--50)\">\n<div class=\"wp-block-columns alignwide are-vertically-aligned-top is-layout-flex wp-container-core-columns-is-layout-28f84493 wp-block-columns-is-layout-flex\">\n<div class=\"wp-block-column is-vertically-aligned-top is-layout-flow wp-block-column-is-layout-flow\" style=\"flex-basis:100%\">\n<p class=\"has-heading-font-family has-x-large-font-size\" style=\"line-height:1.2\"><strong>Kim jeste\u015bmy?<\/strong><\/p>\n\n\n\n<p class=\"has-text-align-center has-heading-font-family has-x-large-font-size\" style=\"line-height:1.2\">Jeste\u015bmy zespo\u0142em fotograf\u00f3w i retuszer\u00f3w, kt\u00f3rzy od lat tworz\u0105 profesjonalne zdj\u0119cia dla klient\u00f3w indywidualnych oraz firm. \u0141\u0105czy nas pasja do obrazu, dba\u0142o\u015b\u0107 o szczeg\u00f3\u0142y i przekonanie, \u017ce ka\u017cde zdj\u0119cie powinno opowiada\u0107 histori\u0119.<br>Nasze studio powsta\u0142o z my\u015bl\u0105 o osobach, kt\u00f3re chc\u0105 otrzyma\u0107 nie tylko pi\u0119kne fotografie, ale tak\u017ce kompleksow\u0105 opiek\u0119 \u2013 od planowania sesji, poprzez realizacj\u0119, a\u017c po zaawansowan\u0105 edycj\u0119 i finalne przygotowanie materia\u0142u.<\/p>\n<\/div>\n<\/div>\n\n\n\n<div style=\"height:var(--wp--preset--spacing--40)\" aria-hidden=\"true\" class=\"wp-block-spacer\"><\/div>\n\n\n\n<figure class=\"wp-block-image alignwide size-large is-style-rounded is-style-rounded--1\"><img loading=\"lazy\" decoding=\"async\" width=\"845\" height=\"1024\" src=\"http:\/\/fixel.you2.pl\/wp-content\/uploads\/2025\/11\/IMG_3685-845x1024.jpeg\" alt=\"\" class=\"wp-image-111\" srcset=\"https:\/\/fixel.you2.pl\/wp-content\/uploads\/2025\/11\/IMG_3685-845x1024.jpeg 845w, https:\/\/fixel.you2.pl\/wp-content\/uploads\/2025\/11\/IMG_3685-247x300.jpeg 247w, https:\/\/fixel.you2.pl\/wp-content\/uploads\/2025\/11\/IMG_3685-768x931.jpeg 768w, https:\/\/fixel.you2.pl\/wp-content\/uploads\/2025\/11\/IMG_3685.jpeg 1200w\" sizes=\"auto, (max-width: 845px) 100vw, 845px\" \/><\/figure>\n<\/div>\n\n\n\n<div class=\"wp-block-group alignfull has-base-2-background-color has-background has-global-padding is-layout-constrained wp-container-core-group-is-layout-d89aad35 wp-block-group-is-layout-constrained\" style=\"margin-top:0;margin-bottom:0;padding-top:var(--wp--preset--spacing--50);padding-right:var(--wp--preset--spacing--50);padding-bottom:var(--wp--preset--spacing--50);padding-left:var(--wp--preset--spacing--50)\">\n<h2 class=\"wp-block-heading\"><strong>Nasza misja<\/strong><\/h2>\n\n\n\n<p>Tworzymy fotografie, kt\u00f3re wywo\u0142uj\u0105 emocje, wzmacniaj\u0105 wizerunek i podkre\u015blaj\u0105 to, co najwa\u017cniejsze.<br>Stawiamy na naturalno\u015b\u0107, jako\u015b\u0107 oraz indywidualne podej\u015bcie \u2014 zawsze dopasowujemy styl zdj\u0119\u0107 do klienta, jego marki lub charakteru wydarzenia.<\/p>\n\n\n\n<hr class=\"wp-block-separator has-alpha-channel-opacity\"\/>\n\n\n\n<h2 class=\"wp-block-heading\"><strong>Co nas wyr\u00f3\u017cnia?<\/strong><\/h2>\n\n\n\n<h3 class=\"wp-block-heading\"><strong>&#x2714; Profesjonalny sprz\u0119t<\/strong><\/h3>\n\n\n\n<p>Pracujemy na pe\u0142noklatkowych aparatach, jasnych obiektywach i o\u015bwietleniu studyjnym, kt\u00f3re pozwalaj\u0105 uzyska\u0107 najwy\u017csz\u0105 jako\u015b\u0107 obrazu zar\u00f3wno w studio, jak i w plenerze.<\/p>\n\n\n\n<h3 class=\"wp-block-heading\"><strong>&#x2714; Do\u015bwiadczenie i precyzja<\/strong><\/h3>\n\n\n\n<p>Mamy za sob\u0105 setki zrealizowanych sesji \u2013 portretowych, biznesowych, produktowych, eventowych i rodzinnych.<br>Wszystkie zdj\u0119cia poddajemy starannemu retuszowi, dbaj\u0105c o naturalny efekt.<\/p>\n\n\n\n<h3 class=\"wp-block-heading\"><strong>&#x2714; Zorientowanie na klienta<\/strong><\/h3>\n\n\n\n<p>Ka\u017cda osoba, kt\u00f3ra trafia do naszego studia, mo\u017ce liczy\u0107 na spokojn\u0105 atmosfer\u0119, jasne wskaz\u00f3wki przed aparatem oraz pomoc w wyborze stylizacji czy t\u0142a.<\/p>\n\n\n\n<h3 class=\"wp-block-heading\"><strong>&#x2714; Kreatywna edycja zdj\u0119\u0107<\/strong><\/h3>\n\n\n\n<p>Specjalizujemy si\u0119 w zaawansowanej obr\u00f3bce \u2013 od korekcji kolorystycznej, po retusz high-end i stylizacj\u0119 zdj\u0119\u0107 w konkretnym klimacie (filmowy, artystyczny, naturalny).<\/p>\n\n\n\n<hr class=\"wp-block-separator has-alpha-channel-opacity\"\/>\n\n\n\n<h2 class=\"wp-block-heading\"><strong>Jak pracujemy?<\/strong><\/h2>\n\n\n\n<p>Od pierwszego kontaktu staramy si\u0119 pozna\u0107 Twoje oczekiwania \u2014 dzi\u0119ki temu sesja jest dok\u0142adnie taka, jakiej potrzebujesz.<br>Wsp\u00f3lnie ustalamy styl, miejsce i charakter zdj\u0119\u0107. Podczas sesji dbamy o komfort i swobodn\u0105 atmosfer\u0119, a po jej zako\u0144czeniu zajmujemy si\u0119 selekcj\u0105 oraz profesjonaln\u0105 edycj\u0105, oddaj\u0105c gotowy materia\u0142 w najwy\u017cszej jako\u015bci.<\/p>\n\n\n\n<hr class=\"wp-block-separator has-alpha-channel-opacity\"\/>\n\n\n\n<h2 class=\"wp-block-heading\"><strong>Nasze studio<\/strong><\/h2>\n\n\n\n<p>Nasze studio fotograficzne to przestrze\u0144 zaprojektowana specjalnie do pracy z obrazem:<\/p>\n\n\n\n<ul class=\"wp-block-list\">\n<li>nowoczesne o\u015bwietlenie studyjne,<\/li>\n\n\n\n<li>t\u0142a fotograficzne o r\u00f3\u017cnych kolorach i fakturach,<\/li>\n\n\n\n<li>miejsce do stylizacji i przygotowania klienta,<\/li>\n\n\n\n<li>stanowiska do profesjonalnej edycji zdj\u0119\u0107.<\/li>\n<\/ul>\n\n\n\n<p>To tu tworzymy portrety, zdj\u0119cia biznesowe, zdj\u0119cia na social media i wiele sesji kreatywnych.<\/p>\n\n\n\n<hr class=\"wp-block-separator has-alpha-channel-opacity\"\/>\n\n\n\n<h2 class=\"wp-block-heading\"><strong>Zaufali nam<\/strong><\/h2>\n\n\n\n<p>Wsp\u00f3\u0142pracujemy z lokalnymi firmami, startupami, influencerami, tw\u00f3rcami internetowymi oraz klientami indywidualnymi. Nasze zdj\u0119cia wykorzystywane s\u0105 w kampaniach reklamowych, sklepach internetowych, materia\u0142ach PR oraz portfolio zawodowym klient\u00f3w.<\/p>\n<\/div>\n\n\n\n<div class=\"wp-block-cover alignfull has-parallax\" style=\"padding-top:var(--wp--preset--spacing--50);padding-right:var(--wp--preset--spacing--50);padding-bottom:var(--wp--preset--spacing--50);padding-left:var(--wp--preset--spacing--50);min-height:100vh;aspect-ratio:unset;\"><div class=\"wp-block-cover__image-background wp-image-121 size-large has-parallax\" style=\"background-position:50% 50%;background-image:url(http:\/\/fixel.you2.pl\/wp-content\/uploads\/2025\/12\/IMG_3718-683x1024.jpeg)\"><\/div><span aria-hidden=\"true\" class=\"wp-block-cover__background has-base-background-color has-background-dim-0 has-background-dim\"><\/span><div class=\"wp-block-cover__inner-container has-global-padding is-layout-constrained wp-container-core-cover-is-layout-e4fd886c wp-block-cover-is-layout-constrained\">\n<div style=\"height:500px\" aria-hidden=\"true\" class=\"wp-block-spacer\"><\/div>\n<\/div><\/div>\n\n\n\n<div class=\"wp-block-group alignfull has-accent-background-color has-background has-global-padding is-layout-constrained wp-container-core-group-is-layout-7cd14b77 wp-block-group-is-layout-constrained\" style=\"margin-top:0;margin-bottom:0;padding-top:var(--wp--preset--spacing--60);padding-right:var(--wp--preset--spacing--60);padding-bottom:var(--wp--preset--spacing--60);padding-left:var(--wp--preset--spacing--60)\">\n<div class=\"wp-block-group alignwide is-layout-flow wp-block-group-is-layout-flow\">\n<div style=\"height:var(--wp--preset--spacing--50)\" aria-hidden=\"true\" class=\"wp-block-spacer\"><\/div>\n\n\n\n<p class=\"has-text-align-center has-heading-font-family\" style=\"font-size:clamp(2.795rem, 2.795rem + ((1vw - 0.2rem) * 4.342), 5.4rem);font-style:normal;font-weight:400;line-height:1.2\"><em>Ka\u017cde zdj\u0119cie to historia, kt\u00f3r\u0105 \u015bwiat zobaczy bez s\u0142\u00f3w.<\/em><\/p>\n<\/div>\n<\/div>\n\n\n\n<p><\/p>\n","protected":false},"excerpt":{"rendered":"<p>Kim jeste\u015bmy? Jeste\u015bmy zespo\u0142em fotograf\u00f3w i retuszer\u00f3w, kt\u00f3rzy od lat tworz\u0105 profesjonalne zdj\u0119cia dla klient\u00f3w indywidualnych oraz firm. \u0141\u0105czy nas pasja do obrazu, dba\u0142o\u015b\u0107 o szczeg\u00f3\u0142y i przekonanie, \u017ce ka\u017cde zdj\u0119cie powinno opowiada\u0107 histori\u0119.Nasze studio powsta\u0142o z my\u015bl\u0105 o osobach, kt\u00f3re chc\u0105 otrzyma\u0107 nie tylko pi\u0119kne fotografie, ale tak\u017ce kompleksow\u0105 opiek\u0119 \u2013 od planowania sesji, [&hellip;]<\/p>\n","protected":false},"author":1,"featured_media":0,"parent":0,"menu_order":0,"comment_status":"closed","ping_status":"closed","template":"","meta":{"om_disable_all_campaigns":false,"_monsterinsights_skip_tracking":false,"_monsterinsights_sitenote_active":false,"_monsterinsights_sitenote_note":"","_monsterinsights_sitenote_category":0,"footnotes":""},"class_list":["post-29","page","type-page","status-publish","hentry"],"aioseo_notices":[],"_links":{"self":[{"href":"https:\/\/fixel.you2.pl\/index.php\/wp-json\/wp\/v2\/pages\/29","targetHints":{"allow":["GET"]}}],"collection":[{"href":"https:\/\/fixel.you2.pl\/index.php\/wp-json\/wp\/v2\/pages"}],"about":[{"href":"https:\/\/fixel.you2.pl\/index.php\/wp-json\/wp\/v2\/types\/page"}],"author":[{"embeddable":true,"href":"https:\/\/fixel.you2.pl\/index.php\/wp-json\/wp\/v2\/users\/1"}],"replies":[{"embeddable":true,"href":"https:\/\/fixel.you2.pl\/index.php\/wp-json\/wp\/v2\/comments?post=29"}],"version-history":[{"count":5,"href":"https:\/\/fixel.you2.pl\/index.php\/wp-json\/wp\/v2\/pages\/29\/revisions"}],"predecessor-version":[{"id":122,"href":"https:\/\/fixel.you2.pl\/index.php\/wp-json\/wp\/v2\/pages\/29\/revisions\/122"}],"wp:attachment":[{"href":"https:\/\/fixel.you2.pl\/index.php\/wp-json\/wp\/v2\/media?parent=29"}],"curies":[{"name":"wp","href":"https:\/\/api.w.org\/{rel}","templated":true}]}}